{"id":1030,"date":"2025-08-01T04:57:27","date_gmt":"2025-08-01T08:57:27","guid":{"rendered":"https:\/\/testprueba.pro\/anasac-com\/internacional\/?post_type=producto&#038;p=1030"},"modified":"2025-09-23T16:43:39","modified_gmt":"2025-09-23T19:43:39","slug":"fakyr-9-3-ec-pan","status":"publish","type":"producto","link":"https:\/\/anasac.com\/internacional\/es\/producto\/fakyr-9-3-ec-pan\/","title":{"rendered":"FAKYR\u00ae 9.3 EC"},"content":{"rendered":"<p>FAKYR\u00ae 9.3 EC es un insecticida-acaricida que act\u00faa por medio de 2 principios activos. Abamectina, del grupo de las avermectinas, que act\u00faa por contacto e ingesti\u00f3n en \u00e1caros produciendo su par\u00e1lisis. A su vez Bifentrina, un piretroide con actividad insecticida y acaricida por contacto e ingesti\u00f3n, no sist\u00e9mico.<\/p>\n","protected":false},"featured_media":326,"template":"","productos":[21,20],"paises":[14],"class_list":["post-1030","producto","type-producto","status-publish","has-post-thumbnail","hentry","productos-proteccion-de-cultivos","productos-insecticida","paises-panama"],"_links":{"self":[{"href":"https:\/\/anasac.com\/internacional\/es\/wp-json\/wp\/v2\/producto\/1030","targetHints":{"allow":["GET"]}}],"collection":[{"href":"https:\/\/anasac.com\/internacional\/es\/wp-json\/wp\/v2\/producto"}],"about":[{"href":"https:\/\/anasac.com\/internacional\/es\/wp-json\/wp\/v2\/types\/producto"}],"version-history":[{"count":1,"href":"https:\/\/anasac.com\/internacional\/es\/wp-json\/wp\/v2\/producto\/1030\/revisions"}],"predecessor-version":[{"id":1275,"href":"https:\/\/anasac.com\/internacional\/es\/wp-json\/wp\/v2\/producto\/1030\/revisions\/1275"}],"wp:featuredmedia":[{"embeddable":true,"href":"https:\/\/anasac.com\/internacional\/es\/wp-json\/wp\/v2\/media\/326"}],"wp:attachment":[{"href":"https:\/\/anasac.com\/internacional\/es\/wp-json\/wp\/v2\/media?parent=1030"}],"wp:term":[{"taxonomy":"productos","embeddable":true,"href":"https:\/\/anasac.com\/internacional\/es\/wp-json\/wp\/v2\/productos?post=1030"},{"taxonomy":"paises","embeddable":true,"href":"https:\/\/anasac.com\/internacional\/es\/wp-json\/wp\/v2\/paises?post=1030"}],"curies":[{"name":"wp","href":"https:\/\/api.w.org\/{rel}","templated":true}]}}

<p>FAKYR® 9.3 EC es un insecticida-acaricida que actúa por medio de 2 principios activos. Abamectina, del grupo de las avermectinas, que actúa por contacto e ingestión en ácaros produciendo su parálisis. A su vez Bifentrina, un piretroide con actividad insecticida y acaricida por contacto e ingestión, no sistémico.</p>
